 of 129013.
17, 7589
What are the prime factors of 2579155?
5, 17, 19, 1597
List the prime factors of 411938.
2, 59, 3491
What are the prime factors of 1376625?
3, 5, 3671
What are the prime factors of 3265642?
2, 1632821
What are the prime factors of 3075506?
2, 7, 219679
List the prime factors of 10121216.
2, 7, 353
What are the prime factors of 477991?
477991
What are the prime factors of 5238306?
2, 3, 233, 1249
What are the prime factors of 578365?
5, 131, 883
List the prime factors of 1822039.
43, 42373
What are the prime factors of 1838037?
3, 612679
What are the prime factors of 6544695?
3, 5, 436313
What are the prime factors of 3077231?
47, 233, 281
What are the prime factors of 15062079?
3, 19, 23, 11489
List the prime factors of 1697096.
2, 307, 691
List the prime factors of 9847916.
2, 13, 229, 827
What are the prime factors of 10277098?
2, 13, 395273
List the prime factors of 6623102.
2, 743, 4457
List the prime factors of 3322.
2, 11, 151
What are the prime factors of 4450146?
2, 3, 741691
What are the prime factors of 868345?
5, 173669
List the prime factors of 237234.
2, 3, 19, 2081
What are the prime factors of 111184?
2, 6949
What are the prime factors of 1604695?
5, 320939
List the prime factors of 1879776.
2, 3, 61, 107
What are the prime factors of 1495203?
3, 498401
List the prime factors of 462510.
2, 3, 5, 571
List the prime factors of 676392.
2, 3, 28183
List the prime factors of 29121.
3, 17, 571
List the prime factors of 15126582.
2, 3, 337, 7481
List the prime factors of 984331.
23, 42797
List the prime factors of 4503505.
5, 900701
List the prime factors of 711805.
5, 29, 4909
List the prime factors of 2417043.
3, 17, 83, 571
List the prime factors of 1767632.
2, 110477
What are the prime factors of 11286707?
11286707
List the prime factors of 3453431.
17, 31, 6553
What are the prime factors of 237021?
3, 41, 47
What are the prime factors of 900044?
2, 29, 7759
List the prime factors of 1329028.
2, 53, 6269
What are the prime factors of 3656543?
11, 31, 10723
What are the prime factors of 9027261?
3, 19, 17597
List the prime factors of 1493186.
2, 521, 1433
List the prime factors of 19271421.
3, 13, 17, 9689
List the prime factors of 9391333.
7, 1341619
What are the prime factors of 633520?
2, 5, 7919
List the prime factors of 810648.
2, 3, 139
List the prime factors of 1667117.
19, 87743
What are the prime factors of 163188?
2, 3, 1511
List the prime factors of 791642.
2, 29, 13649
List the prime factors of 286606.
2, 47, 3049
What are the prime factors of 1404366?
2, 3, 19, 97, 127
List the prime factors of 2172905.
5, 7, 181
List the prime factors of 11694706.
2, 5847353
What are the prime factors of 5181239?
7, 307, 2411
What are the prime factors of 156977?
29, 5413
What are the prime factors of 8664?
2, 3, 19
List the prime factors of 1059519.
3, 353173
What are the prime factors of 4367987?
13, 335999
List the prime factors of 256950.
2, 3, 5, 571
List the prime factors of 24641219.
24641219
List the prime factors of 9008958.
2, 3, 7, 214499
List the prime factors of 106924.
2, 26731
What are the prime factors of 5171924?
2, 71, 18211
What are the prime factors of 244582?
2, 13, 23, 409
What are the prime factors of 12683152?
2, 792697
What are the prime factors of 1400117?
37, 79, 479
What are the prime factors of 526837?
526837
List the prime factors of 5990928.
2, 3, 19, 6569
List the prime factors of 93719.
93719
List the prime factors of 36752554.
2, 18376277
List the prime factors of 5545462.
2, 13, 213287
What are the prime factors of 3034732?
2, 193, 3931
What are the prime factors of 110027?
47, 2341
List the prime factors of 84661.
31, 2731
List the prime factors of 286699.
7, 5851
What are the prime factors of 2464355?
5, 492871
What are the prime factors of 2416196?
2, 23, 26263
List the prime factors of 15049797.
3, 7, 23, 31159
List the prime factors of 30629993.
41, 747073
What are the prime factors of 267706?
2, 133853
List the prime factors of 1933878.
2, 3, 109, 2957
What are the prime factors of 5873326?
2, 23, 127681
What are the prime factors of 414255?
3, 5, 27617
What are the prime factors of 122677?
67, 1831
What are the prime factors of 208712?
2, 7, 3727
What are the prime factors of 641132?
2, 29, 5527
What are the prime factors of 185318?
2, 7, 31, 61
List the prime factors of 145797.
3, 23, 2113
What are the prime factors of 11905644?
2, 3, 17, 3433
What are the prime factors of 1430881?
1430881
List the prime factors of 14477459.
14477459
What are the prime factors of 493795?
5, 61, 1619
What are the prime factors of 1131232?
2, 23, 29, 53
What are the prime factors of 133852?
2, 109, 307
What are the prime factors of 4307294?
2, 2153647
List the prime factors of 52785.
3, 5, 17, 23
What are the prime factors of 93014?
2, 46507
What are the prime factors of 913200?
2, 3, 5, 761
What are the prime factors of 24064964?
2, 7, 11, 7103
List the prime factors of 162433.
127, 1279
What are the prime factors of 19753187?
179, 211, 523
List the prime factors of 14099259.
3, 109, 43117
What are the prime factors of 2288237?
7, 109, 2999
List the prime factors of 1863779.
1863779
List the prime factors of 462602.
2, 7, 173, 191
List the prime factors of 16256037.
3, 7, 29, 26693
List the prime factors of 1434393.
3, 47, 3391
List the prime factors of 1723993.
83, 20771
What are the prime factors of 226261?
7, 32323
What are the prime factors of 408723?
3, 7, 19463
List the prime factors of 288392.
2, 13, 47, 59
What are the prime factors of 30907?
31, 997
List the prime factors of 344645.
5, 7, 43, 229
What are the prime factors of 490861?
7, 70123
What are the prime factors of 10454879?
10454879
List the prime factors of 2492736.
2, 3, 12983
What are the prime factors of 3351796?
2, 7, 349
What are the prime factors of 212360?
2, 5, 5309
List the prime factors of 411600.
2, 3, 5, 7
What are the prime factors of 3913386?
2, 3, 239, 2729
List the prime factors of 226866.
2, 3, 37811
List the prime factors of 11521905.
3, 5, 768127
What are the prime factors of 26742046?
2, 37, 9767
What are the prime factors of 1415825?
5, 56633
List the prime factors of 5337214.
2, 19, 140453
What are the prime factors of 1161630?
2, 3, 5, 12907
What are the prime factors of 2364756?
2, 3, 197063
What are the prime factors of 227886?
2, 3, 19, 1999
List the prime factors of 228908.
2, 89, 643
List the prime factors of 2124946.
2, 29, 36637
What are the prime factors of 2552784?
2, 3, 13, 4091
List the prime factors of 806497.
17, 47441
List the prime factors of 43981.
7, 61, 103
What are the prime factors of 12171386?
2, 1181, 5153
What are the prime factors of 2108536?
2, 263567
List the prime factors of 776464.
2, 13, 3733
List the prime factors of 777443.
59, 13177
What are the prime factors of 992556?
2, 3, 79, 349
What are the prime factors of 1312700?
2, 5, 13127
List the prime factors of 259783.
259783
What are the prime factors of 1075415?
5, 11, 19553
What are the prime factors of 298373?
298373
List the prime factors of 3441829.
3441829
What are the prime factors of 38553078?
2, 3, 59, 108907
List the prime factors of 4561731.
3, 107, 1579
List the prime factors of 3963673.
7, 263, 2153
List the prime factors of 1196896.
2, 113, 331
List the prime factors of 479860.
2, 5, 23993
List the prime factors of 186923.
11, 16993
What are the prime factors of 72152?
2, 29, 311
List the prime factors of 1693575.
3, 5, 13, 193
What are the prime factors of 9421562?
2, 911, 5171
What are the prime factors of 1076017?
1076017
List the prime factors of 203152.
2, 12697
What are the prime factors of 2728927?
23, 59, 2011
What are the prime factors of 672250?
2, 5, 2689
List the prime factors of 794602.
2, 397301
What are the prime factors of 47222?
2, 7, 3373
What are the prime factors of 5888231?
5888231
List the prime factors of 140024.
2, 23, 761
List the prime factors of 11886876.
2, 3, 17, 19423
List the prime factors of 1098411.
3, 23, 15919
What are the prime factors of 13159493?
13159493
What are the prime factors of 13611536?
2, 59, 14419
List the prime factors of 11251699.
11251699
List the prime factors of 2670264.
2, 3, 37087
What are the prime factors of 336325?
5, 11, 1223
List the prime fa